{"id":72,"date":"2024-08-20T09:23:48","date_gmt":"2024-08-20T09:23:48","guid":{"rendered":"https:\/\/zellfmed-hqyvg7iv5s.live-website.com\/?page_id=72"},"modified":"2024-08-20T09:37:16","modified_gmt":"2024-08-20T09:37:16","slug":"verband-sets","status":"publish","type":"page","link":"https:\/\/www.zellfmed.de\/index.php\/herzlich-willkommen-bei-zellfmed\/verband-sets\/","title":{"rendered":"Verband-Sets"},"content":{"rendered":"\n<p>Individuell auf den notwendig gewordenen und durchgef\u00fchrten chirurgischen Eingriff abgestimmte Verband-Sets zur hygienischen Wundnachbehandlung mit hochwertigen Produkten zum optimalen Preis-Leistungs-Verh\u00e4ltnis (verschiedene KITS von einfachen Pflasterverbandwechselsets \u00fcber proktologische Komplettsets, hochwertige Verbandmittel der \u00e4sthetischen Chirurgie bis hin zum Sport-Tape-Set).<\/p>\n\n\n\n<p>Weitere Informationen zu den Produkten erhalten Sie auf der Webseite des Herstellers (<a href=\"http:\/\/www.hartmann.de\" target=\"_blank\" rel=\"noreferrer noopener\">Fa. Hartmann<\/a>). <\/p>\n\n\n\n<div class=\"wp-block-media-text is-stacked-on-mobile has-pale-pink-background-color has-background has-medium-font-size\"><figure class=\"wp-block-media-text__media\"><img loading=\"lazy\" decoding=\"async\" width=\"800\" height=\"600\" src=\"https:\/\/zellfmed-hqyvg7iv5s.live-website.com\/wp-content\/uploads\/2024\/08\/verbandset-hand-fuss_1.jpg\" alt=\"\" class=\"wp-image-23 size-full\" srcset=\"https:\/\/www.zellfmed.de\/wp-content\/uploads\/2024\/08\/verbandset-hand-fuss_1.jpg 800w, https:\/\/www.zellfmed.de\/wp-content\/uploads\/2024\/08\/verbandset-hand-fuss_1-300x225.jpg 300w, https:\/\/www.zellfmed.de\/wp-content\/uploads\/2024\/08\/verbandset-hand-fuss_1-768x576.jpg 768w\" sizes=\"auto, (max-width: 706px) 89vw, (max-width: 767px) 82vw, 740px\" \/><\/figure><div class=\"wp-block-media-text__content\">\n<p>Verbandset Hand &amp; Fuss<\/p>\n<\/div><\/div>\n\n\n\n<div class=\"wp-block-media-text is-stacked-on-mobile has-pale-pink-background-color has-background has-medium-font-size\"><figure class=\"wp-block-media-text__media\"><img loading=\"lazy\" decoding=\"async\" width=\"800\" height=\"600\" src=\"https:\/\/zellfmed-hqyvg7iv5s.live-website.com\/wp-content\/uploads\/2024\/08\/verbandset-kinder_1.jpg\" alt=\"\" class=\"wp-image-24 size-full\" srcset=\"https:\/\/www.zellfmed.de\/wp-content\/uploads\/2024\/08\/verbandset-kinder_1.jpg 800w, https:\/\/www.zellfmed.de\/wp-content\/uploads\/2024\/08\/verbandset-kinder_1-300x225.jpg 300w, https:\/\/www.zellfmed.de\/wp-content\/uploads\/2024\/08\/verbandset-kinder_1-768x576.jpg 768w\" sizes=\"auto, (max-width: 706px) 89vw, (max-width: 767px) 82vw, 740px\" \/><\/figure><div class=\"wp-block-media-text__content\">\n<p>Verbandset Kinder<\/p>\n<\/div><\/div>\n\n\n\n<div class=\"wp-block-media-text is-stacked-on-mobile has-pale-pink-background-color has-background has-medium-font-size\"><figure class=\"wp-block-media-text__media\"><img loading=\"lazy\" decoding=\"async\" width=\"800\" height=\"600\" src=\"https:\/\/zellfmed-hqyvg7iv5s.live-website.com\/wp-content\/uploads\/2024\/08\/verbandset-leistenhernie_1.jpg\" alt=\"\" class=\"wp-image-25 size-full\" srcset=\"https:\/\/www.zellfmed.de\/wp-content\/uploads\/2024\/08\/verbandset-leistenhernie_1.jpg 800w, https:\/\/www.zellfmed.de\/wp-content\/uploads\/2024\/08\/verbandset-leistenhernie_1-300x225.jpg 300w, https:\/\/www.zellfmed.de\/wp-content\/uploads\/2024\/08\/verbandset-leistenhernie_1-768x576.jpg 768w\" sizes=\"auto, (max-width: 706px) 89vw, (max-width: 767px) 82vw, 740px\" \/><\/figure><div class=\"wp-block-media-text__content\">\n<p>Verbandset Leistenbruch<\/p>\n<\/div><\/div>\n\n\n\n<div class=\"wp-block-media-text is-stacked-on-mobile has-pale-pink-background-color has-background has-medium-font-size\"><figure class=\"wp-block-media-text__media\"><img loading=\"lazy\" decoding=\"async\" width=\"800\" height=\"600\" src=\"https:\/\/zellfmed-hqyvg7iv5s.live-website.com\/wp-content\/uploads\/2024\/08\/verbandset-pflasterwechsel-s-m-l_1_1.jpg\" alt=\"\" class=\"wp-image-26 size-full\" srcset=\"https:\/\/www.zellfmed.de\/wp-content\/uploads\/2024\/08\/verbandset-pflasterwechsel-s-m-l_1_1.jpg 800w, https:\/\/www.zellfmed.de\/wp-content\/uploads\/2024\/08\/verbandset-pflasterwechsel-s-m-l_1_1-300x225.jpg 300w, https:\/\/www.zellfmed.de\/wp-content\/uploads\/2024\/08\/verbandset-pflasterwechsel-s-m-l_1_1-768x576.jpg 768w\" sizes=\"auto, (max-width: 706px) 89vw, (max-width: 767px) 82vw, 740px\" \/><\/figure><div class=\"wp-block-media-text__content\">\n<p>Verbandset Pflasterwechsel<\/p>\n<\/div><\/div>\n\n\n\n<div class=\"wp-block-media-text is-stacked-on-mobile has-pale-pink-background-color has-background has-medium-font-size\"><figure class=\"wp-block-media-text__media\"><img loading=\"lazy\" decoding=\"async\" width=\"800\" height=\"600\" src=\"https:\/\/zellfmed-hqyvg7iv5s.live-website.com\/wp-content\/uploads\/2024\/08\/verbandset-proktologie_1.jpg\" alt=\"\" class=\"wp-image-27 size-full\" srcset=\"https:\/\/www.zellfmed.de\/wp-content\/uploads\/2024\/08\/verbandset-proktologie_1.jpg 800w, https:\/\/www.zellfmed.de\/wp-content\/uploads\/2024\/08\/verbandset-proktologie_1-300x225.jpg 300w, https:\/\/www.zellfmed.de\/wp-content\/uploads\/2024\/08\/verbandset-proktologie_1-768x576.jpg 768w\" sizes=\"auto, (max-width: 706px) 89vw, (max-width: 767px) 82vw, 740px\" \/><\/figure><div class=\"wp-block-media-text__content\">\n<p>Verbandset Proktokologie<\/p>\n<\/div><\/div>\n\n\n\n<div class=\"wp-block-media-text is-stacked-on-mobile has-pale-pink-background-color has-background has-medium-font-size\"><figure class=\"wp-block-media-text__media\"><img loading=\"lazy\" decoding=\"async\" width=\"800\" height=\"600\" src=\"https:\/\/zellfmed-hqyvg7iv5s.live-website.com\/wp-content\/uploads\/2024\/08\/verbandset-septisch_1.jpg\" alt=\"\" class=\"wp-image-28 size-full\" srcset=\"https:\/\/www.zellfmed.de\/wp-content\/uploads\/2024\/08\/verbandset-septisch_1.jpg 800w, https:\/\/www.zellfmed.de\/wp-content\/uploads\/2024\/08\/verbandset-septisch_1-300x225.jpg 300w, https:\/\/www.zellfmed.de\/wp-content\/uploads\/2024\/08\/verbandset-septisch_1-768x576.jpg 768w\" sizes=\"auto, (max-width: 706px) 89vw, (max-width: 767px) 82vw, 740px\" \/><\/figure><div class=\"wp-block-media-text__content\">\n<p>Verbandset septisch<\/p>\n<\/div><\/div>\n\n\n\n<div class=\"wp-block-media-text is-stacked-on-mobile has-pale-pink-background-color has-background has-medium-font-size\"><figure class=\"wp-block-media-text__media\"><img loading=\"lazy\" decoding=\"async\" width=\"800\" height=\"600\" src=\"https:\/\/zellfmed-hqyvg7iv5s.live-website.com\/wp-content\/uploads\/2024\/08\/verbandset-tape-set-sportler_1.jpg\" alt=\"\" class=\"wp-image-29 size-full\" srcset=\"https:\/\/www.zellfmed.de\/wp-content\/uploads\/2024\/08\/verbandset-tape-set-sportler_1.jpg 800w, https:\/\/www.zellfmed.de\/wp-content\/uploads\/2024\/08\/verbandset-tape-set-sportler_1-300x225.jpg 300w, https:\/\/www.zellfmed.de\/wp-content\/uploads\/2024\/08\/verbandset-tape-set-sportler_1-768x576.jpg 768w\" sizes=\"auto, (max-width: 706px) 89vw, (max-width: 767px) 82vw, 740px\" \/><\/figure><div class=\"wp-block-media-text__content\">\n<p>Verbandset Sportler Tape<\/p>\n<\/div><\/div>\n\n\n\n<div class=\"wp-block-media-text is-stacked-on-mobile has-pale-pink-background-color has-background has-medium-font-size\"><figure class=\"wp-block-media-text__media\"><img loading=\"lazy\" decoding=\"async\" width=\"800\" height=\"600\" src=\"https:\/\/zellfmed-hqyvg7iv5s.live-website.com\/wp-content\/uploads\/2024\/08\/verbandset-unguis_1.jpg\" alt=\"\" class=\"wp-image-30 size-full\" srcset=\"https:\/\/www.zellfmed.de\/wp-content\/uploads\/2024\/08\/verbandset-unguis_1.jpg 800w, https:\/\/www.zellfmed.de\/wp-content\/uploads\/2024\/08\/verbandset-unguis_1-300x225.jpg 300w, https:\/\/www.zellfmed.de\/wp-content\/uploads\/2024\/08\/verbandset-unguis_1-768x576.jpg 768w\" sizes=\"auto, (max-width: 706px) 89vw, (max-width: 767px) 82vw, 740px\" \/><\/figure><div class=\"wp-block-media-text__content\">\n<p>Verbandset Hand\/Fuss<\/p>\n<\/div><\/div>\n\n\n\n<div class=\"wp-block-media-text is-stacked-on-mobile has-pale-pink-background-color has-background has-medium-font-size\"><figure class=\"wp-block-media-text__media\"><img loading=\"lazy\" decoding=\"async\" width=\"800\" height=\"600\" src=\"https:\/\/zellfmed-hqyvg7iv5s.live-website.com\/wp-content\/uploads\/2024\/08\/verbnadset-aesthetik_1.jpg\" alt=\"\" class=\"wp-image-31 size-full\" srcset=\"https:\/\/www.zellfmed.de\/wp-content\/uploads\/2024\/08\/verbnadset-aesthetik_1.jpg 800w, https:\/\/www.zellfmed.de\/wp-content\/uploads\/2024\/08\/verbnadset-aesthetik_1-300x225.jpg 300w, https:\/\/www.zellfmed.de\/wp-content\/uploads\/2024\/08\/verbnadset-aesthetik_1-768x576.jpg 768w\" sizes=\"auto, (max-width: 706px) 89vw, (max-width: 767px) 82vw, 740px\" \/><\/figure><div class=\"wp-block-media-text__content\">\n<p>Verbandset \u00c4sthetik<\/p>\n<\/div><\/div>\n\n\n\n<p><\/p>\n","protected":false},"excerpt":{"rendered":"<p>Individuell auf den notwendig gewordenen und durchgef\u00fchrten chirurgischen Eingriff abgestimmte Verband-Sets zur hygienischen Wundnachbehandlung mit hochwertigen Produkten zum optimalen Preis-Leistungs-Verh\u00e4ltnis (verschiedene KITS von einfachen Pflasterverbandwechselsets \u00fcber proktologische Komplettsets, hochwertige Verbandmittel der \u00e4sthetischen Chirurgie bis hin zum Sport-Tape-Set). Weitere Informationen zu den Produkten erhalten Sie auf der Webseite des Herstellers (Fa. Hartmann). Verbandset Hand &amp; Fuss &hellip; <\/p>\n<p class=\"link-more\"><a href=\"https:\/\/www.zellfmed.de\/index.php\/herzlich-willkommen-bei-zellfmed\/verband-sets\/\" class=\"more-link\"><span class=\"screen-reader-text\">\u201eVerband-Sets\u201c <\/span>weiterlesen<\/a><\/p>\n","protected":false},"author":1,"featured_media":0,"parent":63,"menu_order":0,"comment_status":"closed","ping_status":"closed","template":"","meta":{"footnotes":""},"class_list":["post-72","page","type-page","status-publish","hentry"],"_links":{"self":[{"href":"https:\/\/www.zellfmed.de\/index.php\/wp-json\/wp\/v2\/pages\/72","targetHints":{"allow":["GET"]}}],"collection":[{"href":"https:\/\/www.zellfmed.de\/index.php\/wp-json\/wp\/v2\/pages"}],"about":[{"href":"https:\/\/www.zellfmed.de\/index.php\/wp-json\/wp\/v2\/types\/page"}],"author":[{"embeddable":true,"href":"https:\/\/www.zellfmed.de\/index.php\/wp-json\/wp\/v2\/users\/1"}],"replies":[{"embeddable":true,"href":"https:\/\/www.zellfmed.de\/index.php\/wp-json\/wp\/v2\/comments?post=72"}],"version-history":[{"count":1,"href":"https:\/\/www.zellfmed.de\/index.php\/wp-json\/wp\/v2\/pages\/72\/revisions"}],"predecessor-version":[{"id":73,"href":"https:\/\/www.zellfmed.de\/index.php\/wp-json\/wp\/v2\/pages\/72\/revisions\/73"}],"up":[{"embeddable":true,"href":"https:\/\/www.zellfmed.de\/index.php\/wp-json\/wp\/v2\/pages\/63"}],"wp:attachment":[{"href":"https:\/\/www.zellfmed.de\/index.php\/wp-json\/wp\/v2\/media?parent=72"}],"curies":[{"name":"wp","href":"https:\/\/api.w.org\/{rel}","templated":true}]}}