{"id":38,"date":"2024-08-16T14:45:39","date_gmt":"2024-08-16T14:45:39","guid":{"rendered":"https:\/\/zellfmed-hqyvg7iv5s.live-website.com\/?page_id=38"},"modified":"2024-08-16T14:45:39","modified_gmt":"2024-08-16T14:45:39","slug":"impressum","status":"publish","type":"page","link":"https:\/\/www.zellfmed.de\/index.php\/impressum\/","title":{"rendered":"Impressum"},"content":{"rendered":"\n<p>Angaben gem\u00e4\u00df \u00a7 5 TMG:<br><br><em>Zellfmed<br>Nadine Dedores-Regh<br>Bergstr. 5<br>56859 Bullay<\/em><\/p>\n\n\n\n<h4 class=\"wp-block-heading\">Vertreten durch:<\/h4>\n\n\n\n<p><em>Nadine Dedores-Regh<\/em><\/p>\n\n\n\n<h4 class=\"wp-block-heading\">Kontakt:<\/h4>\n\n\n\n<figure class=\"wp-block-table\"><table class=\"has-fixed-layout\"><tbody><tr><td>Telefon:<\/td><td>+49 (0) 170 46 20 822<\/td><\/tr><tr><td>E-Mail:<\/td><td>info@zellfmed-hqyvg7iv5s.live-website.com<\/td><\/tr><\/tbody><\/table><\/figure>\n\n\n\n<h4 class=\"wp-block-heading\">Quellenangaben f\u00fcr die verwendeten Bilder und Grafiken:<\/h4>\n\n\n\n<p>Icons: <a href=\"http:\/\/www.devcom.com\/\">devcon<\/a> &amp; <a href=\"http:\/\/www.dezinerfolio.com\/\">dezinerfolio<\/a><\/p>\n\n\n\n<p>Quelle: Impressumsgenerator, Rechtsanwalt f\u00fcr <a href=\"http:\/\/www.e-recht24.de\">Internetrecht<\/a> S\u00f6ren Siebert<\/p>\n","protected":false},"excerpt":{"rendered":"<p>Angaben gem\u00e4\u00df \u00a7 5 TMG: ZellfmedNadine Dedores-ReghBergstr. 556859 Bullay Vertreten durch: Nadine Dedores-Regh Kontakt: Telefon: +49 (0) 170 46 20 822 E-Mail: info@zellfmed-hqyvg7iv5s.live-website.com Quellenangaben f\u00fcr die verwendeten Bilder und Grafiken: Icons: devcon &amp; dezinerfolio Quelle: Impressumsgenerator, Rechtsanwalt f\u00fcr Internetrecht S\u00f6ren Siebert<\/p>\n","protected":false},"author":1,"featured_media":0,"parent":0,"menu_order":0,"comment_status":"closed","ping_status":"closed","template":"","meta":{"footnotes":""},"class_list":["post-38","page","type-page","status-publish","hentry"],"_links":{"self":[{"href":"https:\/\/www.zellfmed.de\/index.php\/wp-json\/wp\/v2\/pages\/38","targetHints":{"allow":["GET"]}}],"collection":[{"href":"https:\/\/www.zellfmed.de\/index.php\/wp-json\/wp\/v2\/pages"}],"about":[{"href":"https:\/\/www.zellfmed.de\/index.php\/wp-json\/wp\/v2\/types\/page"}],"author":[{"embeddable":true,"href":"https:\/\/www.zellfmed.de\/index.php\/wp-json\/wp\/v2\/users\/1"}],"replies":[{"embeddable":true,"href":"https:\/\/www.zellfmed.de\/index.php\/wp-json\/wp\/v2\/comments?post=38"}],"version-history":[{"count":1,"href":"https:\/\/www.zellfmed.de\/index.php\/wp-json\/wp\/v2\/pages\/38\/revisions"}],"predecessor-version":[{"id":39,"href":"https:\/\/www.zellfmed.de\/index.php\/wp-json\/wp\/v2\/pages\/38\/revisions\/39"}],"wp:attachment":[{"href":"https:\/\/www.zellfmed.de\/index.php\/wp-json\/wp\/v2\/media?parent=38"}],"curies":[{"name":"wp","href":"https:\/\/api.w.org\/{rel}","templated":true}]}}